66).
-5
Let j(u) = -u**2 - 42*u + 116. Calculate j(-48).
-172
Let r(x) = -10680*x - 127998. Determine r(-12).
162
Let q(d) = -153*d**3 - 1372*d**2 - 18*d + 14. What is q(-9)?
581
Let a(n) = -19318*n - 10451059. Determine a(-541).
-21
Let x(n) = n**3 + 17*n**2 + 125*n + 2543. Give x(-18).
-31
Let h(x) = -2*x**2 + 16925*x - 135251. What is h(8)?
21
Let f(d) = -99*d - 2199. Calculate f(-29).
672
Let d(q) = -1492*q**2 + 99976*q - 28. Calculate d(67).
776
Let s(f) = f**3 - 209*f**2 - 555*f + 72237. Calculate s(210).
-213
Let u(t) = 638*t + 4432. Give u(-7).
-34
Let g(c) = -537*c**2 + 2582*c + 431. Give g(5).
-84
Let x(u) = -u**3 - 1855*u**2 - 9225*u + 88. Determine x(-5).
-37
Let t(o) = 2452*o**2 - 14564*o - 867. Give t(6).
21
Let l(n) = -9*n**2 - 402*n - 3634. What is l(-13)?
71
Let s(y) = 7*y**3 - 775*y**2 - 210*y + 552. Calculate s(111).
1884
Let w(k) = -45*k**2 + 446*k + 38. Give w(9).
407
Let b(q) = -3*q**3 - 285*q**2 + 102100*q + 298. Determine b(143).
12
Let s(v) = 2*v**3 - 2423*v**2 + 720339*v - 2060. Give s(688).
4
Let o(d) = -5*d**2 + 1319*d - 25492. What is o(21)?
2
Let q(w) = w**2 - 2433*w + 167706. Calculate q(71).
4
Let f(w) = 8964*w - 5566653. Calculate f(621).
-9
Let i(q) = 8122*q + 8039. What is i(-1)?
-83
Let h(f) = -5162*f - 82501. Calculate h(-16).
91
Let t(g) = 3*g**3 + 36*g**2 + 166*g + 368. Determine t(-12).
-1624
Let p(j) = -46*j + 6816. Calculate p(147).
54
Let y(f) = -f**3 + 28*f**2 - 91*f + 649. Determine y(17).
2281
Let o(r) = -7288*r + 225932. Calculate o(31).
4
Let v(q) = -72*q - 10205. Give v(-55).
-6245
Let h(g) = 3*g**3 + 60*g**2 - 533*g - 10631. Determine h(-20).
29
Let v(r) = -542876*r - 3257250. Determine v(-6).
6
Let x(m) = m**2 - 237*m + 12940. What is x(82)?
230
Let i(c) = 249*c**3 + 1246*c**2 + 26*c + 91. Determine i(-5).
-14
Let q(r) = r**3 - 87*r**2 - 1082*r + 191. Determine q(98).
-201
Let s(u) = 11*u**2 - 397*u - 165. Give s(36).
-201
Let s(z) = 3*z**3 - 21*z**2 - 350*z + 73. Determine s(-10).
-1527
Let t(w) = 7*w**2 - 326*w + 2410. What is t(36)?
-254
Let w(d) = -8524*d - 59662. Determine w(-7).
6
Let i(m) = -280*m + 7580. Give i(27).
20
Let c(v) = -3*v**3 + 961*v**2 - 1884*v - 55. What is c(2)?
-3
Let d(u) = 1265*u - 270. Determine d(1).
995
Let d(x) = -x**3 - 25*x**2 + 510*x + 8669. What is d(-13)?
11
Let l(n) = -n**3 - 37*n**2 + 723*n + 27767. Calculate l(-35).
12
Let z(s) = 10413*s + 74516. What is z(-7)?
1625
Let y(g) = 32*g**3 + 14*g**2 - 40*g + 9. What is y(3)?
879
Let d(k) = 300*k + 1925. Give d(-8).
-475
Let w(f) = 4150*f + 3870. Give w(-1).
-280
Let v(o) = -1311631*o + 139032892. Determine v(106).
6
Let n(v) = 3*v**3 - 11*v**2 - 14*v - 32. Determine n(5).
-2
Let n(j) = 9*j**2 - 561*j + 94. What is n(60)?
-1166
Let d(r) = -913*r - 575038. Calculate d(-630).
152
Let w(h) = 11681*h - 104958. Calculate w(9).
171
Let n(a) = -244375*a - 733118. Calculate n(-3).
7
Let y(s) = 3*s**2 - 1203*s - 18943. Determine y(416).
-223
Let y(b) = -998*b + 742240. What is y(744)?
-272
Let o(c) = -67253*c - 672503. Give o(-10).
27
Let z(q) = -46*q**2 + 174*q - 755. What is z(4)?
-795
Let k(u) = 45207*u + 1808350. Calculate k(-40).
70
Let w(m) = -3475*m - 302331. What is w(-87)?
-6
Let t(h) = h**3 - 97*h**2 + 345*h - 12. Determine t(0).
-12
Let o(n) = -8*n**2 + 98*n + 619. Give o(-9).
-911
Let g(z) = -236*z - 9515. Determine g(-35).
-1255
Let h(k) = -2*k**2 + 538*k + 4835. What is h(-9)?
-169
Let b(k) = -590406*k - 7084864. What is b(-12)?
8
Let p(z) = -17*z**3 - 7*z**2 - 5020*z - 20048. What is p(-4)?
1008
Let a(i) = -2*i**3 - 514*i**2 + 510*i + 112. Calculate a(-258).
1660
Let w(k) = 111*k**3 - 2886*k**2 - 58. What is w(26)?
-58
Let v(z) = -z**2 + 68*z + 2268. What is v(104)?
-1476
Let o(f) = -21*f**2 - 226*f + 19. Determine o(-8).
483
Let l(n) = 5*n**3 + 107*n**2 + 122*n + 4051. What is l(-22)?
-85
Let i(b) = -17249*b - 293219. What is i(-17)?
14
Let h(s) = -27248*s - 5558614. Calculate h(-204).
-22
Let t(r) = 14*r**3 - 13*r**2 - 59*r - 191. What is t(-4)?
-1059
Let r(p) = p**2 + 41*p - 507. Give r(13).
195
Let v(s) = -s**3 - 552*s - 2903. Calculate v(-5).
-18
Let g(v) = 52513*v + 1207802. Calculate g(-23).
3
Let n(b) = b**2 + 304*b - 19753. Determine n(54).
-421
Let u(l) = 325*l - 1780. Calculate u(6).
170
Let c(t) = 2342*t - 114820. Calculate c(49).
-62
Let m(f) = -2*f**3 + 375*f**2 + 6958*f + 26. What is m(-17)?
-59
Let d(m) = -135*m - 6187. What is d(-46)?
23
Let n(z) = 24*z**2 + 5124*z - 26223. What is n(5)?
-3
Let p(m) = 187*m + 18507. Give p(-98).
181
Let t(u) = 478*u**2 - 12026*u + 1597. What is t(25)?
-303
Let n(r) = -r**3 - 30*r**2 - 254*r + 85. What is n(-19)?
940
Let h(f) = 17354*f + 468554. Calculate h(-27).
-4
Let v(b) = -b**2 - 2159*b - 93049. Calculate v(-44).
11
Let b(n) = 1864*n - 83820. Determine b(45).
60
Let b(i) = 109*i + 1195. Calculate b(-7).
432
Let z(c) = 522*c - 44983. What is z(86)?
-91
Let m(x) = -9542*x + 133675. Determine m(14).
87
Let n(x) = 8822*x**2 - 52926*x + 6. Calculate n(6).
42
Let x(a) = 622*a - 27982. Calculate x(45).
8
Let k(d) = 600*d + 13372. Give k(-22).
172
Let p(a) = 61555*a - 369363. Calculate p(6).
-33
Let q(l) = 3*l**3 - 365*l**2 - 1299*l + 143618. Calculate q(122).
24
Let w(g) = -506*g - 59557. Determine w(-118).
151
Let x(k) = 87*k**2 + 1023*k + 2913. Determine x(-7).
15
Let j(z) = -34*z**2 + 237*z + 316. What is j(10)?
-714
Let c(j) = 147*j + 25033. Determine c(-170).
43
Let h(b) = -b**3 + 470*b**2 - 8112*b - 10836. Determine h(452).
12
Let u(i) = -i**3 + 19*i**2 - 73*i + 1764. Calculate u(18).
774
Let j(q) = -q**3 + 142*q**2 - 3398*q + 1133. Calculate j(30).
-7
Let z(c) = -12*c**3 - 157*c**2 + 3*c + 40. Determine z(-13).
-168
Let r(l) = l**3 - 423*l**2 + 43515*l + 16908. Determine r(178).
-2
Let w(g) = 710*g + 271226. Give w(-382).
6
Let t(a) = 267*a + 3953. Calculate t(-4).
2885
Let w(a) = 2*a**2 + 444*a - 168011. Determine w(199).
-453
Let q(p) = 1880*p - 350824. Give q(187).
736
Let t(j) = 4*j**2 + 762*j + 1474. Give t(-189).
340
Let n(d) = -178*d - 742. Give n(-4).
-30
Let g(j) = -j**3 + 17*j**2 + 26*j - 242. Calculate g(-4).
-10
Let f(u) = -3*u**2 + 10513*u + 94858. What is f(-9)?
-2
Let v(h) = h**3 - 11*h**2 - 52*h - 312. Calculate v(-6).
-612
Let n(z) = z**3 + 12*z**2 - 231*z - 3184. Give n(-14).
-342
Let h(p) = -37*p**3 + 95*p**2 - 92*p - 1. Give h(0).
-1
Let w(c) = 186*c + 16. What is w(1)?
202
Let k(j) = -3*j**3 - 289*j**2 + 55*j - 13497. Give k(-97).
-14
Let l(h) = -h**3 + 28*h**2 + 233*h - 43. Give l(-9).
857
Let q(v) = 4*v**2 + 214*v - 2621. What is q(12)?
523
Let w(d) = 5*d**2 - 257*d + 1701. Calculate w(44).
73
Let d(l) = 40*l**3 + 2116*l**2 - 217*l - 210. Calculate d(-53).
55
Let t(l) = l**2 + 3114*l + 141046. What is t(-46)?
-82
Let g(p) = -20468*p + 225227. Give g(11).
79
Let i(v) = 48*v**2 + 2385*v + 474. Determine i(-49).
-1143
Let w(a) = 104*a**2 + 4*a - 14. What is w(-2)?
394
Let f(z) = 6*z**3 + 18*z**2 - 203*z - 421. Give f(-2).
9
Let s(n) = n**2 + 1061*n - 6400. Determine s(6).
2
Let r(t) = -48386*t + 774152. Calculate r(16).
-24
Let f(d) = 7*d**2 + 1651*d - 3592. Give f(-238).
-22
Let k(n) = -n**2 - 233*n - 11017. Determine k(-56).
-1105
Let s(x) = -54*x**2 - 729*x - 3641. Give s(-5).
-1346
Let r(b) = -b**2 - 656*b - 12750. Calculate r(-19).
-647
Let s(k) = -31*k**2 - 1213*k - 84. Calculate s(-39).
72
Let t(y) = 3*y**3 - 2*y**2 + 153*y - 154. Determine t(1).
0
Let b(c) = -393*c**2 + 746*c + 3004. Determine b(-4).
-6268
Let s(i) = -434500*i + 2606994. Determine s(6).
-6
Let h(b) = -3428*b**2 + 10289*b - 6. Determine h(3).
9
Let y(o) = 56*o**2 - 248*o - 28. Give y(4).
-124
Let s(f) = -f**3 - 5*f**2 + 187*f + 289. What is s(-12)?
-947
Let s(o) = 2*o**2 + 43*o - 40. What is s(-10)?
-270
Let f(j) = -j**2 + 3907*j - 158514. What is f(41)?
-8
Let f(x) = -8*x**2 + 4496*x + 4495. Give f(-1).
-9
Let f(r) = -12761*r - 1941. Calculate f(0).
-1941
Let i(v) = v**2 - 23495*v - 470302. Determine i(-20).
-2
Let q(r) = -1029*r - 1212. Calculate q(-5).
3933
Let i(f) = -f**2 + 2057*f - 12270. What is i(6)?
36
Let c(s) = -2106*s - 75841. Calculate c(-34).
-4237
Let i(f) = -1186*f - 81817. Give i(-69).
17
Let y(x) = -x**3 + 19*x**2 - 36*x + 240. What is y(16)?
432
Let p(g) = -7*g**3 - 68*g**2 - 80*g + 46. Determine p(-7).
-325
Let s(f) = -f**2 + 453587*f